ose -2*s = 3*f - 60, -s + o + 25 = -4*f. Calculate the highest common divisor of d and s.
15
Let h(g) = 7*g - 2 - 10 + 2*g. Let z = 245 - 237. Let y be h(z). Calculate the greatest common divisor of 12 and y.
12
Let p be 1 + (15*4)/(-3). Let y = p + 18. Let s be y/(1 + 15/(-12)). Calculate the highest common factor of s and 10.
2
Let b(u) = -u**3 + 20*u**2 - 36*u + 13. Let t be b(18). Let y(v) = -22*v + 3. Let d be y(-4). Calculate the highest common factor of t and d.
13
Suppose -2*i - 901 = -8*j + 9*j, 2*j + 1837 = 3*i. Let p = j - -1362. What is the greatest common factor of 41 and p?
41
Let l = 26 - 15. Let r be (-2)/1 + 98 + 3. Calculate the greatest common factor of l and r.
11
Suppose 6*q = 3*q - 6. Let m be 3880/32 + q/8. What is the highest common divisor of 11 and m?
11
Suppose -14*n + 6864 = 8*n. Calculate the highest common factor of n and 78.
78
Let q be 0/2 - (-43 - -1). Let r be -65*(144/90 - 2/1). Let s = r + -20. What is the greatest common divisor of q and s?
6
Suppose 2*o = 2*z + 3*z + 476, -4*z + 760 = 3*o. What is the highest common factor of o and 8?
8
Let q = 2197 + -2175. Calculate the greatest common factor of 3586 and q.
22
Suppose 11*y - 27*y + 3872 = 0. What is the greatest common factor of y and 44?
22
Let f be (119/(-21))/(1/(-21)). Let q be ((-17)/3 - 0)*(-54 + 51). What is the greatest common divisor of q and f?
17
Suppose -4*w = -259 - 317. Let c be (-1 + 2)*w/4. What is the greatest common factor of 18 and c?
18
Let t be 2 + 229 - -1*(-3 - -6). Suppose 3*b = b + 52. Suppose 4*y = 5*y - b. Calculate the highest common divisor of t and y.
26
Suppose -36 = -4*x - 5*l, x = 2*l + 3 - 7. Calculate the greatest common divisor of 36 and x.
4
Let j(y) be the third derivative of 11*y**4/12 - y**3/3 + 8*y**2. Let k be j(1). Calculate the highest common divisor of k and 8.
4
Suppose -5*k = 5*s - 10*k - 120, 4*k = -s - 1. Suppose -s*f + 22*f - 255 = 0. What is the highest common divisor of f and 17?
17
Let c = 82 + -32. Suppose 4*a + 11 = 43. Let n be (-1)/4 - (-162)/a. Calculate the highest common factor of n and c.
10
Let o = 990 + -752. Calculate the highest common divisor of o and 98.
14
Suppose -1367 + 4343 = 6*z. What is the highest common divisor of z and 62?
62
Let u(p) = -20*p + 6. Let g be u(-1). Suppose -4*q + 2*c + 7 = 3*c, 0 = -3*q - 3*c - 6. Suppose q*f - 26 = f. Calculate the greatest common factor of f and g.
13
Let c = -178 - -308. What is the greatest common factor of c and 50?
10
Let m be ((-1)/(-3))/((-1)/(-21)). Suppose s + 15 = 4*s. Suppose 2*z + 5 + s = 2*t, 2*z = -8. What is the highest common factor of t and m?
1
Suppose -19*k + 20*k = 12. Calculate the highest common divisor of k and 18.
6
Let b(j) = -j + 2. Let p be b(-2). Suppose p*c - 55 = -c. Let d be ((-1)/(-1))/(2/66). Calculate the highest common divisor of c and d.
11
Let y(z) = -z + 23. Let g be y(11). Let f = 9 + -9. Let d be f + 1 + (-66)/(-6). What is the highest common factor of d and g?
12
Let c be (3*(-2)/5)/((-75)/2000). Calculate the greatest common factor of c and 16.
16
Let c(o) = 2 + 4*o - 1 - 3*o + 12*o**2. Suppose -6*h - 7 = h. Let s be c(h). What is the highest common divisor of s and 108?
12
Let n(c) = 2 + 0*c**2 + c + 7*c**2 - 3*c. Let a be n(1). What is the highest common divisor of 1 and a?
1
Suppose -3*q + 4*f - 11 + 67 = 0, 2*q = 4*f + 40. Let g(y) = 6*y**2 - 76*y + 16. Let a be g(14). Calculate the greatest common factor of a and q.
16
Let j(c) = 31*c - 895. Let k be j(30). Calculate the highest common divisor of k and 1120.
35
Let q(f) = 2*f**2 + 4*f + 14. Let v be q(-6). Let c = 4 + v. Calculate the highest common divisor of 6 and c.
6
Suppose -h + 0*h + 9 = 0. Suppose -o - 5*f = o - 151, -20 = -4*f. Calculate the highest common divisor of o and h.
9
Let f(c) be the first derivative of c**3/3 - 2*c**2 + 11*c + 20. Let p be f(5). Suppose -176 + 432 = 2*d. What is the highest common factor of d and p?
16
Let v(r) = r + 9. Suppose -13*s - 77 - 27 = 0. Let z be v(s). What is the highest common factor of 14 and z?
1
Let r(t) = -2*t**3 + 13*t**2 - 3*t - 5. Let o be r(6). Calculate the greatest common factor of o and 325.
13
Let p = 0 - -2432. Calculate the greatest common divisor of p and 16.
16
Let p = -647 + 1466. What is the greatest common divisor of p and 182?
91
Let t(y) be the first derivative of 4 + 1/4*y**4 + 9/2*y**2 - 5*y - 3*y**3. Let n be t(8). What is the greatest common divisor of n and 21?
3
Let m(p) = -p**3 - 18*p**2 + p + 22. Let k be m(-18). Let o be (-352)/(-416) - (-1)/(26/k). Calculate the highest common divisor of o and 2.
1
Let a = -17 + 31. Let c be 2/7 + 80/a. Suppose 41 = 3*k + 5*o, k + 4*o - c = 10. Calculate the highest common factor of 8 and k.
4
Suppose 8*m + 2*d = 3*m + 242, -2*d + 142 = 3*m. What is the greatest common divisor of m and 10?
10
Let h(j) = -13*j + 16. Let f be h(-5). Calculate the greatest common divisor of f and 1863.
81
Suppose 4*w + 3 - 19 = 0. Suppose 0 = 3*n + 12, -4*n + w = -2*t - 8*n. Let v be (-72)/(9/t + -3). Calculate the greatest common divisor of 6 and v.
6
Let z be 35/(-14) + 6/(-4). Let m be (69 - (8 + z)) + 3. Calculate the greatest common divisor of 170 and m.
34
Suppose -5*y + 100 = 2*k, -2*y + 54 = 36*k - 38*k. Let r = 73 + -51. Let d be (r/3)/((-1)/(-6)). What is the highest common factor of d and y?
22
Let t(n) = -n**3 - 48*n**2 - 24*n - 63. Let p be t(-48). Calculate the greatest common divisor of p and 11.
11
Suppose -51*w + 2430 = 2*h - 56*w, 0 = -h + 5*w + 1210. What is the highest common divisor of h and 122?
122
Let w be ((-74)/259)/(3/(-105)). Calculate the highest common divisor of 82 and w.
2
Let f be 14/6 - 4/(-6). Let m be (-8 + 1)/(f/30). Let z = 130 + m. What is the highest common factor of 10 and z?
10
Let g = -791 - -808. Calculate the highest common factor of g and 833.
17
Let n be 4/(-18) + 14/(-18). Let u be n/((-5)/2) - 912/(-20). What is the highest common divisor of 69 and u?
23
Suppose 8*q - 227 = 1045. Let g = q - 103. Calculate the highest common divisor of 28 and g.
28
Let u = -993 - -2795. What is the greatest common divisor of 34 and u?
34
Let c(i) = 2*i**3 + 8*i**2 + 7*i - 4. Let r be c(-8). Let g = -402 - r. What is the greatest common divisor of 10 and g?
10
Let x = -66 + 156. Suppose -5*d + 154 = -4*b, 9 + 106 = 4*d + 5*b. Calculate the greatest common divisor of d and x.
30
Let h = -355 - -370. Let m = 21 + -1. Calculate the highest common divisor of h and m.
5
Suppose -5*h + 4*q - 30 = -0*q, -h = -4*q + 22. Let z be 16/4 - 458/h. Suppose -k = f - 60, 5*k - z = 3*f + 99. What is the greatest common factor of k and 8?
8
Let c be -27*((-104)/6)/(-2). Let l = -33 - c. Let w be 2/4 - l/(-6). Calculate the greatest common factor of w and 17.
17
Let z = -21 - -27. Let u be (2 + 3*z/(-27))*18. Calculate the greatest common divisor of 216 and u.
24
Let b(g) = 32*g**3 + g - 1. Let a be b(1). Suppose -23 = -5*r + a. What is the greatest common divisor of 55 and r?
11
Let k(u) = -u**3 + 11*u**2 - 18*u + 5. Let t be k(8). What is the greatest common factor of 371 and t?
53
Suppose 4*g - 920 = x, 5*x = 4*g - 692 - 228. Calculate the greatest common factor of g and 138.
46
Let z = 692 - 602. Suppose 0 = -i + q + 27, 10 + 11 = i - 3*q. Calculate the greatest common divisor of i and z.
30
Let s be ((-820)/12)/5*-3. Let n = 58 + s. What is the highest common factor of n and 11?
11
Suppose -5*z + 1848 = 19*z. Calculate the greatest common factor of 35 and z.
7
Let y be 10 + 1*(0 + -2). Let o be 80/75*(-20)/8*-27. Calculate the greatest common divisor of y and o.
8
Let c = 158 + -103. Calculate the highest common divisor of 5 and c.
5
Let v = 527 + -366. What is the greatest common divisor of v and 23?
23
Suppose -73 + 43 = -3*d. What is the greatest common divisor of 70 and d?
10
Suppose -1218 + 1188 = -15*r. What is the highest common factor of 122 and r?
2
Let h = -67 + 89. Suppose h*s - 9 = 21*s. Calculate the greatest common divisor of s and 3.
3
Let j(k) = k**3 + 17*k**2 - 58*k + 48. Let r be j(-20). Let v = 53 + -13. What is the greatest common factor of v and r?
8
Suppose -x = -2*x - 2*q + 1, -51 = 4*x - 3*q. Suppose 0 = z - 2*z + 25. Let k = x + z. Calculate the highest common divisor of 160 and k.
16
Suppose 968 = 6*w + 914. Wha